what is -1293 - 3?
-1296
In base 15, what is 0 - -115?
115
In base 12, what is -7 + 20?
15
In base 2, what is -11 + 1100001001000?
1100001000101
In base 8, what is 2401 - -4?
2405
In base 13, what is 50 + -11?
3c
In base 13, what is -19 - 30?
-49
In base 16, what is -5 + 84?
7f
In base 6, what is 124004 - -3?
124011
In base 13, what is 24 - -9?
30
In base 9, what is 605 + -52?
543
In base 2, what is -101 - 1100100?
-1101001
In base 13, what is 1 - -3a?
3b
In base 5, what is 3 - -1100?
1103
In base 8, what is -26306 - -3?
-26303
In base 11, what is 4 + -66?
-62
In base 2, what is -101 + -100101011110?
-100101100011
In base 15, what is -e - -3e?
30
In base 15, what is 3 - 6d6?
-6d3
In base 5, what is 240321 - -1?
240322
In base 8, what is -1 - -246?
245
In base 12, what is -762 + 3?
-75b
In base 4, what is 121331 - 33?
121232
In base 15, what is 2 + -2c?
-2a
In base 9, what is 144 - 3?
141
In base 7, what is -100 + 6?
-61
In base 9, what is -714 + 7?
-706
In base 11, what is 286 - -3?
289
In base 11, what is 4 + -3644?
-3640
In base 15, what is 781 - 4?
77c
In base 6, what is -1 + -135?
-140
In base 10, what is 4 - -22?
26
In base 4, what is 1113 + -13?
1100
In base 2, what is 1111010 - -10000?
10001010
In base 6, what is 101134 + -5?
101125
In base 14, what is -4 + -10c?
-112
In base 8, what is -73 + 6?
-65
In base 16, what is 21 - 4?
1d
In base 15, what is 4 - -13?
17
In base 7, what is 50 + 6?
56
In base 11, what is 835 + -2?
833
In base 2, what is -110000 - -1011?
-100101
In base 13, what is -3a9b - -2?
-3a99
In base 5, what is -3004 + -2?
-3011
In base 16, what is -1192 + -5?
-1197
In base 10, what is 0 - -35?
35
In base 3, what is -200 + -12?
-212
In base 15, what is -1 + -1?
-2
In base 15, what is 7 - -8?
10
In base 2, what is -1010110001001 - 10?
-1010110001011
In base 6, what is -432 - 4?
-440
In base 13, what is -1 - -26?
25
In base 12, what is -1 - -788?
787
In base 5, what is 4 + -13341?
-13332
In base 12, what is -6678 - 4?
-6680
In base 3, what is -10120 + 0?
-10120
In base 13, what is -a3a - -17?
-a23
In base 11, what is -4 - 17?
-20
In base 15, what is 3 + -a0?
-9c
In base 6, what is 12 + 22?
34
In base 7, what is -46 - 25?
-104
In base 16, what is 2 - -d53?
d55
In base 5, what is 24 + 40?
114
In base 16, what is 13 - -2?
15
In base 7, what is -16041 - -3?
-16035
In base 11, what is -182 + 2?
-180
In base 9, what is 357 - 1?
356
In base 14, what is 3 + 60?
63
In base 12, what is -1b2 - -5?
-1a9
In base 16, what is -3 + 4?
1
In base 3, what is 0 + 2011?
2011
In base 4, what is 11 - 20120?
-20103
In base 8, what is -46 + 5?
-41
In base 12, what is -88 - 141?
-209
In base 6, what is 1 - -113?
114
In base 6, what is 33 - -23?
100
In base 15, what is -141 - 3?
-144
In base 2, what is 1 - 100101?
-100100
In base 13, what is 4 + -b15?
-b11
In base 5, what is 3 - 12440?
-12432
In base 16, what is 209 - -3?
20c
In base 9, what is -746 - -5?
-741
In base 6, what is 5 + 350?
355
In base 8, what is 4 + 164?
170
In base 3, what is -2212 + -10212?
-20201
In base 4, what is -102 - 0?
-102
In base 11, what is 1 + 6a5?
6a6
In base 9, what is 1 - 846?
-845
In base 16, what is 5 - e?
-9
In base 9, what is -4 + 4740?
4735
In base 16, what is -4642 - -5?
-463d
In base 15, what is 26 - 0?
26
In base 3, what is 1 + -10020?
-10012
In base 4, what is 20 + -1030?
-1010
In base 14, what is -54 + -6?
-5a
In base 4, what is -1330 + -302?
-2232
In base 3, what is 11 + 221210?
221221
In base 12, what is -699 + -1?
-69a
In base 15, what is 1b + 4d?
69
In base 4, what is 0 + -102?
-102
In base 11, what is 0 - -65?
65
In base 4, what is -10330 + -201?
-11131
In base 4, what is 1031 + 3?
1100
In base 8, what is -1246 - 1?
-1247
In base 12, what is -11 + 1?
-10
In base 5, what is -13324 + -10?
-13334
In base 5, what is 1 - -103332?
103333
In base 11, what is 5 - -93?
98
In base 4, what is 1 - -310132?
310133
In base 14, what is -12 + d?
-3
In base 2, what is 10 - 100001010?
-100001000
In base 10, what is -295 - -19?
-276
In base 16, what is 18 - -5?
1d
In base 14, what is -3a7 - 3?
-3aa
In base 4, what is -122 - -102?
-20
In base 4, what is 3 - 21?
-12
In base 16, what is -2 - -a9?
a7
In base 3, what is 21221 - 0?
21221
In base 8, what is -5 - -212?
205
In base 16, what is 8 + -2d?
-25
In base 6, what is 410 - -51?
501
In base 3, what is -22121 + 2?
-22112
In base 14, what is -84 + 9?
-79
In base 13, what is 78 + 10?
88
In base 14, what is -cca + 4?
-cc6
In base 4, what is -22230 + -2?
-22232
In base 15, what is -1 + 3d?
3c
In base 12, what is 0 - 11b2?
-11b2
In base 8, what is 356 - -23?
401
In base 4, what is -2330 + 2?
-2322
In base 9, what is -7 - -161?
153
In base 12, what is -25 + -4?
-29
In base 9, what is 171 + -24?
146
In base 9, what is 710 + 1?
711
In base 15, what is c9 - 0?
c9
In base 2, what is 101111011001 - 1?
101111011000
In base 8, what is -112 + -123?
-235
In base 16, what is -3 + -34?
-37
In base 8, what is 4 - 5?
-1
In base 12, what is 4b2 + 10?
502
In base 6, what is 20 + 231?
251
In base 15, what is -36 + -4?
-3a
In base 9, what is -3 - -242?
238
In base 16, what is -2 - -a?
8
In base 15, what is -44 - 1?
-45
In base 2, what is 10011100 + -100110?
1110110
In base 4, what is 2110 - 12?
2032
In base 13, what is -19 - 2?
-1b
In base 10, what is -1530 - 17?
-1547
In base 9, what is 64 + 58?
133
In base 4, what is -3 - -220?
211
In base 16, what is -2 - 283?
-285
In base 3, what is -2 + 102202?
102200
In base 8, what is 3 + 110?
113
In base 14, what is 5 - 39?
-34
In base 14, what is 0 + 450?
450
In base 6, what is 3 + -2241?
-2234
In base 11, what is 2 - -122?
124
In base 15, what is 5 + 2a?
30
In base 4, what is -32 + 2?
-30
In base 7, what is 4 - 1303?
-1266
In base 6, what is 3 + 502?
505
In base 5, what is 1020 + 2?
1022
In base 8, what is 5 - 2430?
-2423
In base 4, what is 2032 - -2?
2100
In base 8, what is -10 + 115?
105
In base 6, what is -1 - 211?
-212
In base 8, what is 3 - 112?
-107
In base 9, what is -135 - 0?
-135
In base 5, what is -33 + 14?
-14
In base 11, what is -136 - 0?
-136
In base 3, what is 0 + 112?
112
In base 12, what is -19 + -1a?
-37
In base 8, what is 0 - -204?
204
In base 13, what is -14 - -cc?
b8
In base 2, what is -101 + 101100001111?
101100001010
In base 5, what is -41 - -121?
30
In base 2, what is 101100 - -10011100?
11001000
In base 3, what is -101111210 + -11?
-101111221
In base 4, what is 2 - 1022?
-1020
In base 14, what is 8d - 3?
8a
In base 11, what is 6 + 75?
80
In base 12, what is 26 - 42?
-18
In base 12, what is 0 + 766?
766
In base 7, what is 0 - -216?
216
In base 3, what is -10 - -11212?
11202
In base 7, what is -3 - -61?
55
In base 7, what is 3 - 2313?
-2310
In base 9, what is -2 + 21?
18
In base 11, what is -2605 + -4?
-2609
In base 9, what is 3 + -36?
-33
In base 7, what is -53 + -51?
-134
In base 3, what is 20220100 - 10?
20220020
In base 15, what is 3 - 3b?
-38
In base 8, what is -1524 + 0?
-1524
In base 5, what is 1041 + -2?
1034
In base 5, what is -430 - -11?
-414
In base 16, what is 2 - -46b?
46d
In base 7, what is -5 - -325?
320
In base 12, what is 4 - -94?
98
In base 8, what is -30102 + 1?
-30101
In base 16, what is -18 + 0?
-18
In base 5, what is 10 - 123?
-113
In base 8, what is 200 + 1?
201
In base 15, what is -6e7 - -1?
-6e6
In base 4, what is 1 - -122301?
122302
In base 4, what is -12131 - 1?
-12132
In base 11, what is a0 + 3?
a3
In base 16, what is 5 + b4?
b9
In base 7, what is -150 + -11?
-161
In base 2, what is -100 + 110101?
110001
In base 2, what is 1000011 + 1010001?
10010100
In base 11, what is 2 + 987?
989
In base 4, what is -33 - 2022?
-2121
In base 10, what is -65 - 4?
-69
In base 7, what is -113 - -55?
-25
In base 10, what is -272 - -10?
-262
In base 10, what is -3 - -131?
128
In base 12, what is 21 + 111?
132
In base 15, what is -2 - -183?
181
In base 11, what is 3 + -33?
-30
In base 4, what is -10 + 1023?
1013
In base 13, what is -a0 - 1?
-a1
In base 8, what is -1 - 21335?
-21336
In base 3, what is -2 + -10022?
-10101
In base 12, what is 5 - -6?
b
In base 14, what is 32 - 33?
-1
In base 6, what is -23 - -220?
153
In base 2, what is 1110101 + 1?
1110110
In base 10, what is 4 + -122?
-118
In base 14, what is 106 + 14?
11a
In base 11, what is 3 - -36?
39
In base 16, what is 17